mber?
True
Suppose z - 2*h - 153 = 0, -2*z + 4*h = 6*h - 324. Let m be (-53)/(-3)*9/1. Suppose -t + z = 3*u, -3*u - t - 3*t = -m. Is u a composite number?
False
Let k = 72618 - 30131. Is k composite?
False
Suppose -3*a - a = -12. Suppose -408 + 150 = -a*h. Let r = 3 + h. Is r composite?
False
Let i(z) = -13*z**2 + z - 3. Let l(y) = 19*y**2 - 2*y + 5. Let t(o) = 7*i(o) + 5*l(o). Let p be t(3). Let x = p + -10. Is x composite?
True
Let y be ((-561)/(-15))/(5/25). Let z = 318 - y. Is z prime?
True
Let l(s) = s**3 - 13*s**2 - 3*s + 8. Let w(y) = y**2 - y - 6. Let n be w(-4). Let o be l(n). Suppose 2*k - 2*p = o, -p = -0*p - 4. Is k a prime number?
False
Let q(x) be the first derivative of 6*x**4 + 2*x**3 - x**2 + 11*x + 30. Is q(5) a composite number?
True
Let i(f) = 6*f**2 + 2*f - 3. Let d be (-75)/(-20) - 1/(-4). Let o be i(d). Suppose -m + o + 168 = 0. Is m composite?
False
Suppose 2*o + 6888 - 22474 = 0. Is o a prime number?
True
Is (-73)/219 - 376*(-295)/3 a composite number?
False
Let o(h) = 2*h**3 + 81*h**2 + 34*h + 40. Is o(-33) a prime number?
False
Is (240/(-50) + 5)*104035 prime?
True
Let n = 7077 - 3764. Is n composite?
False
Let o(n) = -n + 8. Let u be o(8). Suppose 10*d - 2017 - 11353 = u. Is d prime?
False
Suppose 6*w = -w + 2849. Let y(m) = 394*m + 2. Let l be y(-2). Let q = w - l. Is q a composite number?
False
Let l be (-8)/28 + 4300/7. Let u be 10/(-5) + -1 + l. Let z = -274 + u. Is z a prime number?
True
Let p(c) = 381*c + 57. Let f be p(20). Suppose -9*u + f = -6*u. Is u prime?
False
Let s(r) = -5*r - 3. Let d(i) = 3*i + 1. Let n(h) = 7*d(h) + 4*s(h). Let x be n(8). Suppose x*m - 541 = 536. Is m prime?
True
Suppose -5*h + 24 = -56. Let c be (1 + 3)/(28/(-210)). Let v = h - c. Is v a prime number?
False
Let r = -4 - -8. Suppose -r = -2*a + 4. Is 74/(-2 + a) + -2 prime?
False
Let c be 0 - (-43 + 4)*293. Suppose 0 = y + 3*h + 2295, -5*y + h = 4*h + c. Let v = y - -4270. Is v a prime number?
True
Let c = 659 - -1955. Is c a composite number?
True
Let z(p) be the second derivative of p**5/20 - 13*p**4/12 + 3*p**3/2 - p**2 + 7*p. Let h be z(9). Let i = h - -368. Is i a prime number?
False
Let y be (2 + 2/(-4))/(3/10). Suppose 155 = y*b - 0*b. Is b a composite number?
False
Let q(a) = -2*a**3 + a**2 - a - 1. Is q(-1) composite?
False
Let h(r) = 3098*r + 15. Is h(7) a prime number?
True
Suppose -2160 = 15*b - 20*b. Let r = b + -275. Is r prime?
True
Suppose -131336 = -10*u - 53446. Is u prime?
True
Let z(c) = 1222*c + 645. Is z(32) a prime number?
True
Let y(h) = 45*h**2 + 7*h - 7. Is y(-12) a prime number?
True
Is (-2 - -6)/4 + 1984 prime?
False
Suppose 6*w - l - 1389 = w, 3*w + 2*l = 823. Let f = w + 102. Is f a prime number?
True
Let l(h) = -h - 408. Let y(j) = j + 407. Let q(z) = 4*l(z) + 5*y(z). Let a be q(0). Suppose 3*r + 2*r - 98 = -g, -5*g + 4*r = -a. Is g composite?
False
Let x = 2702 - -111. Is x a composite number?
True
Let z = -9 + 9. Suppose z = -f - 0*f - 53. Let m = 92 - f. Is m a prime number?
False
Let v(n) be the first derivative of n**3 - 12*n**2 - 4*n + 18. Is v(11) a composite number?
True
Suppose 3*x - 4 = -1. Let w(p) be the third derivative of 3*p**5/10 + p**4/12 - p**3/6 - 3*p**2 + 13. Is w(x) a prime number?
True
Let p = 6662 + -2371. Is p composite?
True
Let d be 81/6 + (-3)/2. Let t = d - 9. Is (736/2)/4 - t a prime number?
True
Is (-16332)/(-7) + (-8)/56 a prime number?
True
Let i(s) = s**2 + s + 2. Let a be i(-4). Let d be (-1 - 2/(-2)) + -8. Let j = a + d. Is j a composite number?
True
Let t be -1*(10 + -3 + -1). Let v(g) be the third derivative of -43*g**4/24 + 5*g**3/6 + 3*g**2. Is v(t) a prime number?
True
Let z(t) = t + 4. Let d be z(-2). Is (d + (-411)/4)*-4 a prime number?
False
Let x = -5198 - -8247. Is x composite?
False
Let a(y) be the third derivative of -y**6/120 + y**5/20 - y**4/8 + y**3 - 28*y**2. Is a(-5) composite?
True
Let x(i) = 2466*i**2 - 3*i - 5. Is x(4) a prime number?
True
Suppose 3 + 3 = u. Is (4/u)/(16/7272) composite?
True
Suppose 11*j = 10*j + 95. Suppose 4*c - j - 45 = 0. Is c prime?
False
Suppose -303148 = -37*m + 43061. Is m a prime number?
False
Let h = -17 - -20. Suppose 3086 = h*w + 623. Is w a composite number?
False
Let n(v) = -2124*v - 19. Is n(-14) a prime number?
True
Suppose -7*y = -3*y + 12. Let f(l) = -l**2 - 3*l + 2. Let q be f(y). Suppose t - 258 = -q*t. Is t composite?
True
Suppose 0 = 5*f - 133 + 33. Let u(g) = 4*g - 9. Let h be u(4). Let n = f - h. Is n a prime number?
True
Let j(y) = 295*y + 4. Let s be j(1). Suppose s = b - 0*b. Is b a composite number?
True
Is (7/(-5))/(((-24)/(-41240))/(-3)) a composite number?
True
Suppose 4523 = q + 3*u, -4*u - u = q - 4515. Is q a composite number?
True
Let q(u) = 4*u**3 - 82*u**2 + 96*u + 14. Let n(v) = v**3 - 27*v**2 + 32*v + 5. Let m(r) = -7*n(r) + 2*q(r). Is m(-13) a prime number?
True
Is (22/(-110))/(70688/70690 + -1) a prime number?
True
Let v be (-7)/(14/(-4)) - -1. Let s(z) = 145*z - 4. Let c be s(v). Let p = c + -288. Is p a composite number?
True
Let b(w) = -w - 1. Let i(v) = -113*v + 58. Let q(f) = 5*b(f) + i(f). Is q(-17) composite?
True
Let q(y) = y**2 - 8*y + 18. Let v be q(4). Suppose -v*x = -3*k + 3*x + 5176, 2*x + 5161 = 3*k. Is k composite?
True
Let n = 14 + -9. Suppose -n*m + 20 = 0, -3*m + 1438 + 479 = 3*t. Is t a composite number?
True
Let w be (1/3)/((-21)/(-130599)). Suppose -4*v + 2153 = 3*l, -5*l - 5*v + w = -1522. Is l prime?
False
Let l be (-3)/(3 - (-3 + 7)). Suppose 5*j = a + 2098, 2089 = 5*j - a + l*a. Is j composite?
False
Let d be 4/6 + (-140)/(-42). Is -1*d/8*-298 prime?
True
Let h(g) = g - 10. Let k be h(4). Is 838*(-3)/k*(0 - -1) composite?
False
Let b(r) = -570*r + 8. Let v be b(-2). Let z = -790 + v. Is z a prime number?
False
Let a(n) = -30*n + 27*n + 1 + 30*n + 37*n. Let r be -5*((-6)/15 + -1). Is a(r) a composite number?
False
Let f(u) be the first derivative of -u**4/4 + 16*u**3/3 + 13*u**2/2 + 7*u - 8. Is f(12) prime?
True
Let m = -1923 + 3136. Is m a prime number?
True
Suppose 18*u = -4*u + 314182. Is u composite?
False
Let t(q) = q**2 + 18*q + 3. Let j be t(-18). Suppose -j*i = -1845 - 198. Is i composite?
True
Let m(s) = 4*s**3 + s**2. Let g be m(1). Suppose -a - a - 6842 = -g*v, -2*v + 2732 = -2*a. Is v/8*(2 + 2) composite?
True
Suppose -487 = -11*a - 1708. Let k = -49 - a. Is k a prime number?
False
Suppose -4*l = -0*r - 3*r + 26803, 17872 = 2*r - 2*l. Is r a prime number?
True
Suppose 37*a = 34*a + 98061. Is a prime?
True
Let z = 4365 - -1794. Is z a prime number?
False
Let i(l) be the first derivative of -1/4*l**4 - 1/2*l**2 + 0*l**3 - 7 + 211*l. Is i(0) prime?
True
Suppose -5*b + 69429 = -w, 69405 = 5*b + 4*w + w. Is b prime?
False
Let s(o) = 77*o**2 + 10*o - 5. Let d be s(-4). Let t = 2254 - d. Is t a composite number?
True
Suppose -3*o = -15, 0*p + 2*o = -4*p + 6782. Is p composite?
False
Is 22758*(-4 - (-91)/21) prime?
False
Let q(d) = -90*d + 34. Let c(y) = -45*y + 17. Let a(j) = 7*c(j) - 4*q(j). Is a(7) a composite number?
True
Suppose 2*l + 2*a + 2 = 4*a, -a = 2*l + 8. Let i(k) = -35*k**3 - 4*k**2 - 6*k - 6. Is i(l) prime?
False
Let h be 0/(4 + -1 - 4). Suppose l + 12 = 4*u, 3*l - 2*u + 6 = -h. Suppose l = 5*w - 2*w - 171. Is w prime?
False
Let r(q) = 4*q**3 + 9*q**2 - 10*q + 10. Let d(c) = -3*c**3 - 8*c**2 + 9*c - 9. Let x(f) = 6*d(f) + 5*r(f). Is x(9) a prime number?
False
Suppose -a + 2*k + 655 = -861, -3*a = -3*k - 4557. Is a a prime number?
False
Suppose 0 = -2*h + 4*w - 24, -h = 3*h - 4*w + 64. Is 422/(1 + 12/h) a composite number?
True
Suppose -14*l + 472205 + 215237 = 0. Is l prime?
True
Suppose 14*y - 13*y = 4*a - 70183, 5*a + 5*y - 87760 = 0. Is a a composite number?
True
Suppose 10 = -10*f + 11*f. Suppose -3*q + g + 113 = -4*g, 4*q - 147 = 3*g. Suppose 2*r - q - f = 0. Is r composite?
False
Suppose -15*v = -10*v + 1580. Let r = -221 - v. Is r a prime number?
False
Let f be 93/33 - 4/(-22). Suppose -k + 5*b + 874 = 4*b, f*b - 890 = -k. Let g = k + 333. Is g composite?
True
Let j(y) = -3*y**3 - 5*y**2 + 7*y + 8. Suppose -3*h - 25 = 2*h. Is j(h) composite?
False
Let d(z) = -1631*z**3 + 5*z + 5. Is d(-3) prime?
True
Let j(w) = -w**3 + 3*w**2 - 3*w. Let n be j(1). Suppose -216 = 4*l - 0*l. Is l/(-2) + n/1 prime?
False
Let p(u) = 340*u + 11. Is p(5) a co